pose -d + c = -236. List the prime factors of d.
13, 19
Suppose 2*t + 5*f - 591 = 0, 5*t + f = 1254 + 258. List the prime factors of t.
3, 101
Suppose 5*f - 4 = 7*f. Let v be 321/(-2)*f/3. Suppose -3*n - r + 82 = -5*r, -v = -4*n + 3*r. What are the prime factors of n?
2, 13
Let t be (75/(-5))/(3*3/(-15)). Suppose 173 - t = 2*p. List the prime factors of p.
2, 37
Let g(u) = -12*u**3 + 3*u + 6. List the prime factors of g(-3).
3, 107
Let w(v) = v + 6. Let r be w(-5). Suppose -2*f + 2*l + 41 = -41, 2*f - 82 = -5*l. Suppose 0 = -3*z + f + r. List the prime factors of z.
2, 7
Let q = 21 - 30. Let b(c) = c**3 + 10*c**2 + 6*c - 8. What are the prime factors of b(q)?
19
Suppose 3*a = -d - 28, 2*d + a + 29 = 4*a. Let z = 68 - d. What are the prime factors of z?
3, 29
List the prime factors of (-7 - (-952)/(-24))*234/(-15).
2, 7, 13
Suppose 5*f + 1908 = 4*w, -5*f + 4 = -4*f. List the prime factors of w.
2, 241
Suppose 4*b + 25 = -b, -5*y - 3*b + 1570 = 0. Suppose 0 = 3*o - y - 4. List the prime factors of o.
107
Suppose -4*g = -2*g - x - 1361, -4*g = -5*x - 2725. What are the prime factors of g?
2, 5, 17
What are the prime factors of (-11)/((-231)/18) + (-2167)/(-77)?
29
Suppose 3*u - 1268 = -3*y - u, 3*y = -2*u + 1270. List the prime factors of y.
2, 53
Suppose 0 = -5*u + u + 92. Suppose 15 = 2*n + u. Let x(r) = r**3 + 7*r**2 + 4*r. List the prime factors of x(n).
2
Let u(v) = -v**2 + 24*v - 31. Suppose -110 = -l - 4*l. What are the prime factors of u(l)?
13
Let o = 3 + -1. Let w = -673 - -676. Suppose 244 = 4*x + o*n, 0*x - x = -w*n - 54. List the prime factors of x.
2, 3, 5
Suppose -4*z + 8*z - 2776 = 0. Let a = z - 457. List the prime factors of a.
3, 79
Let i = -130 + 56. Let d = i - -203. What are the prime factors of d?
3, 43
Let w = 1034 - 516. List the prime factors of w.
2, 7, 37
Let y be (-1 - -3) + 1 + 2. Let o(l) = 4*l**2 + 3*l - 4. List the prime factors of o(y).
3, 37
List the prime factors of (-1)/(-2) + (-4078)/(-4).
2, 3, 5, 17
Let x = 1506 + -1050. What are the prime factors of x?
2, 3, 19
What are the prime factors of (-103)/(8/(-528)*6)?
11, 103
Suppose -12*d + 15*d - 399 = 0. Let b = d + 1. What are the prime factors of b?
2, 67
Let z(p) = -34*p - 16. Let f(o) = o**3 - 5*o**2 + 4*o - 6. Let k be f(4). What are the prime factors of z(k)?
2, 47
Let q = -36 - -40. Suppose 157 = q*u - 31. List the prime factors of u.
47
Let u be (-7)/49 - 99/(-7). Suppose 0 = -u*r + 16*r - 14. What are the prime factors of r?
7
Suppose 38*j = 33*j + 10. Suppose 3*o - 475 = o + 3*u, j*o = 4*u + 478. What are the prime factors of o?
233
Let a = 104 + -44. Let s = a + -35. List the prime factors of s.
5
Let r(i) = 5*i - 2*i**2 - 3 - 3*i**2 + 1 + i**2 + i**3. Let u be r(3). List the prime factors of 134/u - 21/14.
2
Let t be (0 - -2)/(3/(-6)). Let u be (2/t)/(2/(-240)). Suppose s + 2*s = u. List the prime factors of s.
2, 5
Let v be (-23)/(((-9)/(-24))/(-3)). Suppose -4*k - 4*d = -0*k - v, -5*k = 2*d - 236. List the prime factors of k.
2, 3
Suppose 0 = -4*x + 4*l + 3928, 0*l + l + 5 = 0. List the prime factors of x.
977
Let z be ((-16)/10)/((-2)/5). Suppose -4*v + 2*s + 112 = -2*s, -v = z*s - 38. What are the prime factors of 642/v - 4/10?
3, 7
Let d = 2 - 0. Let m be (-4)/(0 - (-1 + d)). Suppose -65 = -4*n - m*y - 21, 4*y = 4*n - 60. List the prime factors of n.
13
Let w = 9 + 3. Suppose -7*b + 10*b - w = 0. Suppose 33 = b*y - 23. List the prime factors of y.
2, 7
Suppose -y = -3*y + 104. Suppose -53*x + 62 = -y*x. List the prime factors of x.
2, 31
List the prime factors of 0 + (-275 - 3)/((-2)/11).
11, 139
Let y(j) = j + 13. Let w be y(-7). Suppose w*c = 9*c - 189. Let l = 118 - c. What are the prime factors of l?
5, 11
List the prime factors of 5079/(1 + 2) + 8.
3, 7
Suppose 26*v - 183 + 1 = 0. Let k(s) = 4*s - 6*s**2 - 4*s + s**3 - 7*s + 3. List the prime factors of k(v).
3
Let w(z) = -2*z**2 + z - 15. Let l be w(0). Let c = 21 + l. Suppose -c + 21 = 5*d, -2*d = 2*h - 14. What are the prime factors of h?
2
Let s = -417 + 631. Let l = s + -86. What are the prime factors of 5392/l + 2/(-16)?
2, 3, 7
Suppose -3*f = 2*n - 1490, 0*f - 3*n + 499 = f. List the prime factors of f.
2, 31
Let n = 850 - 326. What are the prime factors of n?
2, 131
Let u = 19 + -16. Suppose 5*f + 5*w - 2*w = 140, -4*f + 112 = -u*w. Suppose -3*j + j = -f. What are the prime factors of j?
2, 7
Let t = -129 - -363. Suppose -5*j + 4*z = -t, -j - z = z - 44. List the prime factors of j.
2, 23
Let p(w) = 2*w**2 - 3*w + 3. Let n be (-4)/6*(-12)/4. Suppose 0 = n*r - 2*s + 12, -r + 3*s - 4*s = 0. List the prime factors of p(r).
2, 3, 5
Suppose -5*n - 1 = r + 6, -4*n = 8. What are the prime factors of (44/5)/(r/((-45)/(-6)))?
2, 11
Let m(v) = -v + 3. Let c be m(0). Suppose -x = -2*x + c*s + 29, -5*x = -s - 103. Suppose -x - 14 = -2*n. What are the prime factors of n?
17
Suppose 3 + 32 = -5*r. Let q(t) = -3*t + 6. List the prime factors of q(r).
3
Suppose 3 = z - 0*z. Let j(s) = -9*s + 7. Let o be j(z). Let k = o + 28. List the prime factors of k.
2
Let z(u) = -27*u. Let p be z(-6). Suppose -3*c = -p - 24. Suppose 4*q = 4*y - 104, 2*q + 10 = -2*y + c. List the prime factors of y.
2, 13
Let f = 3 - 1. Suppose 0*w + 14 = 3*w - 4*q, f*q = 5*w. What are the prime factors of ((-2)/w)/((-10)/(-120))?
2, 3
List the prime factors of (1514 + -4)/(-1 + 3).
5, 151
Suppose -7*m = -4*t - 2*m + 44, 4*t - 72 = -2*m. Suppose 6*g + t = 2*g. What are the prime factors of ((-26)/4)/(g/24)?
3, 13
What are the prime factors of -20*(-2)/15*273?
2, 7, 13
Suppose -10*p - 351 = 59. Let b = p - -46. List the prime factors of b.
5
Let p = 176 - -8. Suppose 0 = -4*g + 84 + p. What are the prime factors of g?
67
Let t(o) = o**3 - 9*o**2 - 8*o + 6. Let r be t(9). Let b = r + 104. What are the prime factors of b?
2, 19
Suppose 0 = 3*z - 3*k - 11460, 4*k + 1754 = 2*z - 5892. List the prime factors of z.
11, 347
Suppose 25*u - 23*u - 292 = 0. What are the prime factors of u?
2, 73
Let h(y) = 84*y**3 - 3*y**2 - 9*y + 1. What are the prime factors of h(4)?
67, 79
Let b be 1*-30*2/(-3). Let x be (b/(-6))/2*3. Let c(p) = -5*p + 3. List the prime factors of c(x).
2, 7
Let q(n) = 2*n**3 + 34*n**2 - 19*n - 25. Suppose -3*k - 34 = 3*g + 17, -4*k - g - 68 = 0. What are the prime factors of q(k)?
2, 149
Suppose -22*a + 14*a + 3056 = 0. Let c = -207 + a. What are the prime factors of c?
5, 7
Suppose 11*j - 14*j = 1416. Let r = -320 - j. Suppose 128 = 7*y - r. What are the prime factors of y?
2, 5
Let l(b) = -4*b - 2. Let t be l(6). Let d = -38 + 22. Let a = d - t. What are the prime factors of a?
2, 5
Suppose -5*u = -19*u + 18844. List the prime factors of u.
2, 673
Let v be 6/(-4)*((-6)/3 - 0). Suppose h + 217 = v*b, 5*b - 5*h + 43 - 408 = 0. What are the prime factors of b?
2, 3
Suppose 420 = -5*c + 9*c. Suppose 4*g - g = -c. List the prime factors of (g + 2)/((-3)/2).
2, 11
Let z = 1771 - -940. What are the prime factors of z?
2711
Suppose -14 = -n + 5*k, 0*n + 4*n - 5*k = 41. List the prime factors of (4 + -2 - 2) + n.
3
What are the prime factors of (8/(-5))/(50124/(-10020) - -5)?
2, 167
Let b(i) = -i**3 + 4*i**2 - 3*i. Let m be 154/56 - 1/(-4). Let t be b(m). Suppose t*w - 4*w + 40 = 0. List the prime factors of w.
2, 5
Let l be 220 - -1*(2 + 0). Let g = l + -105. Let d = 171 - g. What are the prime factors of d?
2, 3
Let d be (-3)/3 + (-4 - -2 - -6). Suppose 2*x = -d*x + 505. List the prime factors of x.
101
Let g = 23 - 13. Suppose g = -6*c + 34. What are the prime factors of ((-14)/6)/(c/(-72))?
2, 3, 7
Suppose -3*s + 1105 = 10*s. What are the prime factors of s?
5, 17
Let r(y) = 3*y - y + 6*y**2 + 5 - 2*y - 2*y**3 - 3*y. Let o be r(4). List the prime factors of (o/6)/((-1)/2).
13
Let r(c) = -478*c + 15. What are the prime factors of r(-10)?
5, 7, 137
Suppose -4*z = -2*m, -2*m + 3*z + 3 = m. Suppose -q - m*k + 66 = -0, 68 = q + 3*k. List the prime factors of q.
2, 31
Suppose b - 45 = 6*b. Let u(k) = 9 + 6*k - 6 - 8*k. What are the prime factors of u(b)?
3, 7
Let d(i) = -2*i**3 + 98*i**3 + i**2 - 3 + 4*i + 0*i**2 - 2*i. What are the prime factors of d(1)?
2, 3
What are the prime factors of 2715/5 + -4 - -4?
3, 181
Suppose 3*v - 4*y - 124 = 0, -y - 40 = -3*v + 2*v. Let f = v - 33. List the prime factors of f/15 - (-1017)/